{"id":2249,"date":"2019-12-23T09:30:33","date_gmt":"2019-12-23T08:30:33","guid":{"rendered":"https:\/\/brainwaveme.com\/?page_id=2249"},"modified":"2020-08-13T12:55:36","modified_gmt":"2020-08-13T10:55:36","slug":"polityka-prywatnosci","status":"publish","type":"page","link":"https:\/\/brainwave.com.pl\/eng\/polityka-prywatnosci\/","title":{"rendered":"Privacy policy"},"content":{"rendered":"<div class=\"wpb-content-wrapper\"><div class=\"vc_row wpb_row vc_row-fluid vc_row_230728695\"><div class=\"wpb_column vc_column_container vc_col-sm-12 vc_column_641149706\"><div class=\"vc_column-inner\"><div class=\"wpb_wrapper\"><div class=\"vc_empty_space\"   style=\"height: 60px\"><span class=\"vc_empty_space_inner\"><\/span><\/div><h2 style=\"color: #710097;text-align: center;font-family:Hind;font-weight:700;font-style:normal\" class=\"vc_custom_heading policy-title wpb_animate_when_almost_visible wpb_fadeInUp fadeInUp\" >POLITYKA PRYWATNO\u015aCI<\/h2><div class=\"vc_row wpb_row vc_inner vc_row-fluid vc_row_2141836974\"><div class=\"wpb_column vc_column_container vc_col-sm-12 vc_column_1779003917\"><div class=\"vc_column-inner\"><div class=\"wpb_wrapper\">\r\n<div id=\"text-block-yXICMd04Qt\" class=\"sh-text-block\">\r\n\tDbamy o Twoj\u0105 prywatno\u015b\u0107 i chcemy, aby\u015b w czasie korzystania z naszej strony czu\u0142\/a si\u0119 komfortowo. Dlatego, poni\u017cej prezentujemy Ci najwa\u017cniejsze informacje o zasadach przetwarzania przez nas Twoich danych osobowych oraz plikach cookies, kt\u00f3re s\u0105 wykorzystywane przez nasz Serwis oraz nasz\u0105 firm\u0119. Informacje te zosta\u0142y przygotowane z uwzgl\u0119dnieniem RODO, czyli og\u00f3lnego rozporz\u0105dzenia o ochronie danych.<\/p>\n<p>&nbsp;<\/p>\n<p><strong>ADMINISTRATOR DANYCH OSOBOWYCH<\/strong><\/p>\n<p>Administratorem, czyli podmiotem decyduj\u0105cym o tym, jak b\u0119d\u0105 wykorzystywane Twoje dane osobowe, jest:<\/p>\n<div class=\"column-3 wpb_column vc_column_container vc_col-sm-1\/5\">\n<div class=\"vc_column-inner\">\n<div class=\"wpb_wrapper\">\n<div id=\"text-block-VsvfNZWA2L\" class=\"sh-text-block\">Brainwave Sp. z o.o.<br \/>\nUl. Twarda 18<br \/>\n00-105 Warszawa<br \/>\nNIP: 5252806047<\/div>\n<\/div>\n<\/div>\n<\/div>\n<p>&nbsp;<\/p>\n<p><strong>KONTAKT DO ADMINISTRATORA DANYCH OSOBOWYCH<\/strong><\/p>\n<p>Je\u015bli chcesz uzyska\u0107 wi\u0119cej informacji o przetwarzaniu Twoich danych osobowych skontaktuj si\u0119 z nami:<\/p>\n<p>e-mail: i.pietowski@brainwave.com.pl<br \/>\ntel: +48 606 377 448<br \/>\nadres: ul. Twarda 18, 00-105 Warszawa<\/p>\n<p>&nbsp;<\/p>\n<p><strong>CEL I PODSTAWA PRAWNA PRZETWARZANIA TWOICH DANYCH OSOBOWYCH<\/strong><\/p>\n<p>Korzystaj\u0105c z naszej strony mo\u017cesz zosta\u0107 poproszony\/a o podanie nam Twoich danych osobowych np. w formularzu kontaktowym. Twoje dane przetwarzane s\u0105 przez nas we wskazanych poni\u017cej celach.<\/p>\n<p><strong>Cel przetwarzania<\/strong><\/p>\n<p>Celem przetwarzania Twoich danych osobowych jest:<\/p>\n<ul>\n<li>przesy\u0142anie na Tw\u00f3j adres e-mail:<\/li>\n<li>odpowiedzi na wiadomo\u015bci wys\u0142ane przez formularz kontaktowy lub bezpo\u015brednio na adres e-mail<\/li>\n<li>wiadomo\u015bci elektronicznych zawieraj\u0105cych informacj\u0119 o naszych szkoleniach, produktach, us\u0142ugach, promocjach, artyku\u0142ach oraz inne<\/li>\n<li>informacje zwi\u0105zane z przedmiotem naszej dzia\u0142alno\u015bci<\/li>\n<li>organizowanie konkurs\u00f3w oraz akcji promocyjnych<\/li>\n<li>zapisywanie Twoich danych w plikach cookies oraz gromadzenie danych ze strony<\/li>\n<li>marketing naszych produkt\u00f3w i us\u0142ug<\/li>\n<\/ul>\n<p><strong>Podstawa przetwarzania danych<\/strong><\/p>\n<p>Podstaw\u0105 prawn\u0105 przetwarzania danych osobowych s\u0105 art. 6 ust. 1 lit. b oraz art. 6 ust. 1 lit. f RODO.<\/p>\n<p>Prawnie uzasadniony interes Brainwave polega na przetwarzaniu danych osobowych:<\/p>\n<ul>\n<li>w celu ustalenia, dochodzenia lub obrony ewentualnych roszcze\u0144,<\/li>\n<li>w celu marketingu bezpo\u015bredniego w\u0142asnych produkt\u00f3w i us\u0142ug<\/li>\n<li>w celach analitycznych i statystycznych,<\/li>\n<li>w celu badania satysfakcji klienta.<\/li>\n<\/ul>\n<p><strong>PROFILOWANIE<\/strong><\/p>\n<p>W celu realizacji interesu Brainwave wykorzystujemy: Google Analytics, Google AdWords, Google Tag Manager oraz Facebook Pixel. Te narz\u0119dzia \u015bledz\u0105 aktywno\u015b\u0107 u\u017cytkownik\u00f3w na naszej stronie poprzez ich ID, pliki cookies oraz inne metody. Poprzez wy\u017cej wskazane narz\u0119dzia gromadzone s\u0105 takie dane jak np. wiek, p\u0142e\u0107, lokalizacja u\u017cytkownik\u00f3w, urz\u0105dzenie, z kt\u00f3rego korzystaj\u0105, system operacyjny, odwiedzane podstrony i wykonane dzia\u0142ania na naszej stronie. S\u0142u\u017c\u0105 one profilowaniu przekazu reklamowego do potrzeb u\u017cytkownik\u00f3w. Informacje s\u0105 przechowywane w poszczeg\u00f3lnych narz\u0119dziach w formie zbiorczych (anonimowych) danych statystycznych. Dost\u0119p do danych maj\u0105 pracownicy Brainwave oraz osoby trzecie, kt\u00f3re na zlecenie Brainwave prowadz\u0105 dzia\u0142ania marketingowe.<br \/>\nDane zabezpieczane s\u0105 poprzez ograniczenie dost\u0119pu do narz\u0119dzi, w kt\u00f3rych s\u0105 przechowywanie wy\u0142\u0105cznie dla os\u00f3b upowa\u017cnionych oraz zahas\u0142owanie kont w poszczeg\u00f3lnych narz\u0119dziach.<\/p>\n<p>Profilowanie, kt\u00f3rego dokonujemy, nie skutkuje podejmowaniem decyzji wywo\u0142uj\u0105cych wobec Ciebie skutki prawne lub wp\u0142ywaj\u0105cych na Ciebie w podobnie istotny spos\u00f3b.<\/p>\n<p>&nbsp;<\/p>\n<p><strong>ZGODA I OKRES PRZETWARZANIA<\/strong><\/p>\n<p>Zgod\u0119 na przetwarzanie danych osobowych, mo\u017cesz wycofa\u0107 w dowolnym momencie. B\u0119dziemy przetwarza\u0107 Twoje dane osobowe dop\u00f3ki nie wycofasz zgody.<\/p>\n<p>&nbsp;<\/p>\n<p><strong>TWOJE UPRAWNIENIA<\/strong><\/p>\n<p>Przys\u0142uguje Ci prawo \u017c\u0105dania:<\/p>\n<ul>\n<li>dost\u0119pu do Twoich danych osobowych,<\/li>\n<li>ich sprostowania,<\/li>\n<li>usuni\u0119cia lub<\/li>\n<li>ograniczenia przetwarzania,<\/li>\n<li>przeniesienia danych do innego administratora.<\/li>\n<\/ul>\n<p>A tak\u017ce prawo:<\/p>\n<ul>\n<li>wniesienia w dowolnym momencie sprzeciwu wobec przetwarzania Twoich danych:<\/li>\n<li>z przyczyn zwi\u0105zanych z Twoj\u0105 szczeg\u00f3ln\u0105 sytuacj\u0105 \u2013 wobec przetwarzania dotycz\u0105cych Ciebie danych osobowych, opartego na art. 6 ust. 1 lit. f RODO (tj. na prawnie uzasadnionych interesach realizowanych przez administratora), w tym profilowania na podstawie tych przepis\u00f3w,<\/li>\n<li>je\u017celi dane osobowe s\u0105 przetwarzane na potrzeby marketingu bezpo\u015bredniego, w tym profilowania, w zakresie, w jakim przetwarzanie jest zwi\u0105zane z takim marketingiem bezpo\u015brednim.<\/li>\n<\/ul>\n<p>Skontaktuj si\u0119 z nami, je\u015bli chcesz skorzysta\u0107 ze swoich praw.<br \/>\nJe\u015bli uznasz, \u017ce Twoje dane s\u0105 przetwarzane niezgodnie z prawem, mo\u017cesz z\u0142o\u017cy\u0107 skarg\u0119 do organu nadzorczego.<\/p>\n<p>Wszelkie dane osobowe, kt\u00f3re zostan\u0105 podane s\u0105 przetwarzane w spos\u00f3b zgodny z wymogami okre\u015blonymi w prawie polskim, a przede wszystkim zgodnie z rozporz\u0105dzeniem Parlamentu Europejskiego i Rady (UE) 2016\/679 z dnia 27 kwietnia 2016 r. w sprawie ochrony os\u00f3b fizycznych w zwi\u0105zku z przetwarzaniem danych osobowych i w sprawie swobodnego przep\u0142ywu takich danych oraz uchylenia dyrektywy 95\/46\/WE, zwanego \u201eRODO\u201d.<\/p>\n<p>&nbsp;<\/p>\n<p><strong>CIASTECZKA<\/strong><\/p>\n<p>Nasz Serwis, jak wi\u0119kszo\u015b\u0107 witryn internetowych, korzysta z tzw. plik\u00f3w cookies (ciasteczek).<\/p>\n<p>Pliki te:<\/p>\n<ul>\n<li>s\u0105 zapisywane w pami\u0119ci Twojego urz\u0105dzenia (komputera, telefonu, itd.),<\/li>\n<li>umo\u017cliwiaj\u0105 Ci, m.in., korzystanie ze wszystkich funkcji Serwisu,<\/li>\n<li>nie powoduj\u0105 zmian w ustawieniach Twojego urz\u0105dzenia.<\/li>\n<\/ul>\n<p>Korzystaj\u0105c z odpowiednich opcji Twojej przegl\u0105darki, w ka\u017cdej chwili mo\u017cesz:<\/p>\n<ul>\n<li>usun\u0105\u0107 pliki cookies,<\/li>\n<li>blokowa\u0107 wykorzystanie plik\u00f3w cookies w przysz\u0142o\u015bci.<\/li>\n<\/ul>\n<p>W tym Serwisie ciasteczka wykorzystywane s\u0105 w celu:<\/p>\n<ul>\n<li>zapami\u0119tywania informacji o Twojej sesji,<\/li>\n<li>statystycznych,<\/li>\n<li>marketingowych,<\/li>\n<li>udost\u0119pniania funkcji strony.<\/li>\n<\/ul>\n<p>Aby dowiedzie\u0107 si\u0119, jak zarz\u0105dza\u0107 plikami cookies, w tym jak wy\u0142\u0105czy\u0107 ich obs\u0142ug\u0119 w Twojej przegl\u0105darce, mo\u017cesz skorzysta\u0107 z pliku pomocy Twojej przegl\u0105darki. Z informacjami na ten temat mo\u017cesz zapozna\u0107 si\u0119 wciskaj\u0105c klawisz F1 w przegl\u0105darce. Ponadto odpowiednie wskaz\u00f3wki znajdziesz na nast\u0119puj\u0105cych podstronach, w zale\u017cno\u015bci od przegl\u0105darki, kt\u00f3rej u\u017cywasz:<\/p>\n<ul>\n<li>Firefox<\/li>\n<li>Chrome<\/li>\n<li>Safari<\/li>\n<li>Internet Explorer \/ Microsoft Edge<\/li>\n<\/ul>\n<p><strong>US\u0141UGI ZEWN\u0118TRZNE \/ ODBIORCY DANYCH<\/strong><\/p>\n<p>W zwi\u0105zku z posiadaniem strony internetowej korzystamy z us\u0142ug podmiot\u00f3w zewn\u0119trznych, kt\u00f3rym mog\u0105 by\u0107 przekazywane Twoje dane wy\u0142\u0105cznie w celach wskazanych w niniejszej polityce. Poni\u017cej znajduje si\u0119 lista mo\u017cliwych odbiorc\u00f3w Twoich danych:<\/p>\n<ul>\n<li>Osoby wsp\u00f3\u0142pracuj\u0105ce z nami na podstawie um\u00f3w cywilnoprawnych, wspieraj\u0105ce nasz\u0105 bie\u017c\u0105c\u0105 dzia\u0142alno\u015b\u0107<\/li>\n<li>Dostawca oprogramowania s\u0142u\u017c\u0105cego do komunikacji*<\/li>\n<li>Dostawca oprogramowania do zarz\u0105dzania projektami<\/li>\n<li>Dostawca skrzynki poczty elektronicznej*<\/li>\n<li>Biuro rachunkowe<\/li>\n<li>Podmiot zapewniaj\u0105cy system mailingowy<\/li>\n<li>Podmiot zapewniaj\u0105cy us\u0142ugi marketingowe*<\/li>\n<li>Podmiot u\u0142atwiaj\u0105cy optymalizacj\u0119 strony*<\/li>\n<li>Portale spo\u0142eczno\u015bciowe*<\/li>\n<li>Dostawca pakietu biurowego*<\/li>\n<li>Hostingodawca<\/li>\n<li>Odpowiednie organy publiczne w zakresie, w jakim Administrator jest zobowi\u0105zany do udost\u0119pnienia im danych<\/li>\n<\/ul>\n<p>&nbsp;<\/p>\n<p><strong>PRZEKAZYWANIE DANYCH OSOBOWYCH DO PA\u0143STW SPOZA UNII EUROPEJSKIEJ<\/strong><\/p>\n<p>*W zwi\u0105zku z powy\u017cszym, Twoje dane osobowe mog\u0105 by\u0107 przetwarzane r\u00f3wnie\u017c przez podmioty spoza Unii Europejskiej. W\u0142a\u015bciwy poziom ochrony Twoich danych, w tym poprzez stosowanie odpowiednich zabezpiecze\u0144, zapewnia uczestnictwo tych podmiot\u00f3w w Tarczy Prywatno\u015bci UE-USA, ustanowionej decyzj\u0105 wykonawcz\u0105 Komisji Europejskiej jako zbi\u00f3r zasad gwarantuj\u0105cych odpowiedni\u0105 ochron\u0119 Twojej prywatno\u015bci.<\/div>\r\n            <style type=\"text\/css\">\r\n                #text-block-yXICMd04Qt {color: #0a0a0a;margin: 0px 0px 15px 0px;}#text-block-yXICMd04Qt a:hover,#text-block-yXICMd04Qt a:focus {color: #2d0347;}#text-block-yXICMd04Qt .drop-cap {font-weight: bold;font-size: 50px;display: block;float: left;margin: 8px 10px 0 0;}            <\/style>\r\n        <div class=\"vc_empty_space\"   style=\"height: 60px\"><span class=\"vc_empty_space_inner\"><\/span><\/div><style type=\"text\/css\"> .vc_column_1779003917:not(.vc_parallax):not(.jarallax) { overflow: center!important; position: relative; }<\/style><\/div><\/div><\/div><style type=\"text\/css\"> .vc_row_2141836974:not(.vc_parallax):not(.jarallax) { overflow: center!important; position: relative; }<\/style><\/div><style type=\"text\/css\"> .vc_column_641149706:not(.vc_parallax):not(.jarallax) { overflow: center!important; position: relative; }<\/style><\/div><\/div><\/div><style type=\"text\/css\"> .vc_row_230728695:not(.vc_parallax) { overflow: center!important; position: relative; }<\/style><\/div>\n<\/div>","protected":false},"excerpt":{"rendered":"<p>POLITYKA PRYWATNO\u015aCI Dbamy o Twoj\u0105 prywatno\u015b\u0107 i chcemy, aby\u015b w czasie korzystania z naszej strony czu\u0142\/a si\u0119 komfortowo. Dlatego, poni\u017cej prezentujemy Ci najwa\u017cniejsze informacje o zasadach przetwarzania przez nas Twoich danych osobowych oraz plikach cookies, kt\u00f3re s\u0105 wykorzystywane przez nasz Serwis oraz nasz\u0105 firm\u0119. Informacje&#8230;<\/p>","protected":false},"author":2,"featured_media":0,"parent":0,"menu_order":0,"comment_status":"closed","ping_status":"closed","template":"","meta":[],"yoast_head":"<!-- This site is optimized with the Yoast SEO plugin v21.6 - https:\/\/yoast.com\/wordpress\/plugins\/seo\/ -->\n<title>Polityka prywatno\u015bci - Dbamy o Tw\u00f3j komfort na stronie - Brainwave<\/title>\n<meta name=\"description\" content=\"Dbamy o Twoj\u0105 prywatno\u015b\u0107 i chcemy, aby\u015b na naszej strony czu\u0142\/a si\u0119 komfortowo. Prezentujemy tu najwa\u017cniejsze informacje o zasadach przetwarzania danych.\" \/>\n<meta name=\"robots\" content=\"index, follow, max-snippet:-1, max-image-preview:large, max-video-preview:-1\" \/>\n<link rel=\"canonical\" href=\"https:\/\/brainwave.com.pl\/eng\/polityka-prywatnosci\/\" \/>\n<meta property=\"og:locale\" content=\"en_GB\" \/>\n<meta property=\"og:type\" content=\"article\" \/>\n<meta property=\"og:title\" content=\"Polityka prywatno\u015bci - Dbamy o Tw\u00f3j komfort na stronie - Brainwave\" \/>\n<meta property=\"og:description\" content=\"Dbamy o Twoj\u0105 prywatno\u015b\u0107 i chcemy, aby\u015b na naszej strony czu\u0142\/a si\u0119 komfortowo. Prezentujemy tu najwa\u017cniejsze informacje o zasadach przetwarzania danych.\" \/>\n<meta property=\"og:url\" content=\"https:\/\/brainwave.com.pl\/eng\/polityka-prywatnosci\/\" \/>\n<meta property=\"og:site_name\" content=\"Brainwave\" \/>\n<meta property=\"article:publisher\" content=\"https:\/\/www.facebook.com\/brainwavecompl\" \/>\n<meta property=\"article:modified_time\" content=\"2020-08-13T10:55:36+00:00\" \/>\n<meta name=\"twitter:card\" content=\"summary_large_image\" \/>\n<meta name=\"twitter:label1\" content=\"Estimated reading time\" \/>\n\t<meta name=\"twitter:data1\" content=\"6 minutes\" \/>\n<script type=\"application\/ld+json\" class=\"yoast-schema-graph\">{\"@context\":\"https:\/\/schema.org\",\"@graph\":[{\"@type\":\"WebPage\",\"@id\":\"https:\/\/brainwave.com.pl\/eng\/polityka-prywatnosci\/\",\"url\":\"https:\/\/brainwave.com.pl\/eng\/polityka-prywatnosci\/\",\"name\":\"Polityka prywatno\u015bci - Dbamy o Tw\u00f3j komfort na stronie - Brainwave\",\"isPartOf\":{\"@id\":\"https:\/\/brainwave.com.pl\/#website\"},\"datePublished\":\"2019-12-23T08:30:33+00:00\",\"dateModified\":\"2020-08-13T10:55:36+00:00\",\"description\":\"Dbamy o Twoj\u0105 prywatno\u015b\u0107 i chcemy, aby\u015b na naszej strony czu\u0142\/a si\u0119 komfortowo. Prezentujemy tu najwa\u017cniejsze informacje o zasadach przetwarzania danych.\",\"breadcrumb\":{\"@id\":\"https:\/\/brainwave.com.pl\/eng\/polityka-prywatnosci\/#breadcrumb\"},\"inLanguage\":\"en-GB\",\"potentialAction\":[{\"@type\":\"ReadAction\",\"target\":[\"https:\/\/brainwave.com.pl\/eng\/polityka-prywatnosci\/\"]}]},{\"@type\":\"BreadcrumbList\",\"@id\":\"https:\/\/brainwave.com.pl\/eng\/polityka-prywatnosci\/#breadcrumb\",\"itemListElement\":[{\"@type\":\"ListItem\",\"position\":1,\"name\":\"Home\",\"item\":\"https:\/\/brainwave.com.pl\/\"},{\"@type\":\"ListItem\",\"position\":2,\"name\":\"Polityka prywatno\u015bci\"}]},{\"@type\":\"WebSite\",\"@id\":\"https:\/\/brainwave.com.pl\/#website\",\"url\":\"https:\/\/brainwave.com.pl\/\",\"name\":\"Brainwave\",\"description\":\"Brainwave\",\"publisher\":{\"@id\":\"https:\/\/brainwave.com.pl\/#organization\"},\"potentialAction\":[{\"@type\":\"SearchAction\",\"target\":{\"@type\":\"EntryPoint\",\"urlTemplate\":\"https:\/\/brainwave.com.pl\/?s={search_term_string}\"},\"query-input\":\"required name=search_term_string\"}],\"inLanguage\":\"en-GB\"},{\"@type\":\"Organization\",\"@id\":\"https:\/\/brainwave.com.pl\/#organization\",\"name\":\"Brainwave\",\"url\":\"https:\/\/brainwave.com.pl\/\",\"logo\":{\"@type\":\"ImageObject\",\"inLanguage\":\"en-GB\",\"@id\":\"https:\/\/brainwave.com.pl\/#\/schema\/logo\/image\/\",\"url\":\"https:\/\/brainwave.com.pl\/wp-content\/uploads\/2018\/11\/logo.png\",\"contentUrl\":\"https:\/\/brainwave.com.pl\/wp-content\/uploads\/2018\/11\/logo.png\",\"width\":154,\"height\":70,\"caption\":\"Brainwave\"},\"image\":{\"@id\":\"https:\/\/brainwave.com.pl\/#\/schema\/logo\/image\/\"},\"sameAs\":[\"https:\/\/www.facebook.com\/brainwavecompl\",\"https:\/\/www.instagram.com\/brainwave.com.pl\/\",\"https:\/\/www.linkedin.com\/company\/10358189\/admin\/\"]}]}<\/script>\n<!-- \/ Yoast SEO plugin. -->","yoast_head_json":{"title":"Polityka prywatno\u015bci - Dbamy o Tw\u00f3j komfort na stronie - Brainwave","description":"Dbamy o Twoj\u0105 prywatno\u015b\u0107 i chcemy, aby\u015b na naszej strony czu\u0142\/a si\u0119 komfortowo. Prezentujemy tu najwa\u017cniejsze informacje o zasadach przetwarzania danych.","robots":{"index":"index","follow":"follow","max-snippet":"max-snippet:-1","max-image-preview":"max-image-preview:large","max-video-preview":"max-video-preview:-1"},"canonical":"https:\/\/brainwave.com.pl\/eng\/polityka-prywatnosci\/","og_locale":"en_GB","og_type":"article","og_title":"Polityka prywatno\u015bci - Dbamy o Tw\u00f3j komfort na stronie - Brainwave","og_description":"Dbamy o Twoj\u0105 prywatno\u015b\u0107 i chcemy, aby\u015b na naszej strony czu\u0142\/a si\u0119 komfortowo. Prezentujemy tu najwa\u017cniejsze informacje o zasadach przetwarzania danych.","og_url":"https:\/\/brainwave.com.pl\/eng\/polityka-prywatnosci\/","og_site_name":"Brainwave","article_publisher":"https:\/\/www.facebook.com\/brainwavecompl","article_modified_time":"2020-08-13T10:55:36+00:00","twitter_card":"summary_large_image","twitter_misc":{"Estimated reading time":"6 minutes"},"schema":{"@context":"https:\/\/schema.org","@graph":[{"@type":"WebPage","@id":"https:\/\/brainwave.com.pl\/eng\/polityka-prywatnosci\/","url":"https:\/\/brainwave.com.pl\/eng\/polityka-prywatnosci\/","name":"Polityka prywatno\u015bci - Dbamy o Tw\u00f3j komfort na stronie - Brainwave","isPartOf":{"@id":"https:\/\/brainwave.com.pl\/#website"},"datePublished":"2019-12-23T08:30:33+00:00","dateModified":"2020-08-13T10:55:36+00:00","description":"Dbamy o Twoj\u0105 prywatno\u015b\u0107 i chcemy, aby\u015b na naszej strony czu\u0142\/a si\u0119 komfortowo. Prezentujemy tu najwa\u017cniejsze informacje o zasadach przetwarzania danych.","breadcrumb":{"@id":"https:\/\/brainwave.com.pl\/eng\/polityka-prywatnosci\/#breadcrumb"},"inLanguage":"en-GB","potentialAction":[{"@type":"ReadAction","target":["https:\/\/brainwave.com.pl\/eng\/polityka-prywatnosci\/"]}]},{"@type":"BreadcrumbList","@id":"https:\/\/brainwave.com.pl\/eng\/polityka-prywatnosci\/#breadcrumb","itemListElement":[{"@type":"ListItem","position":1,"name":"Home","item":"https:\/\/brainwave.com.pl\/"},{"@type":"ListItem","position":2,"name":"Polityka prywatno\u015bci"}]},{"@type":"WebSite","@id":"https:\/\/brainwave.com.pl\/#website","url":"https:\/\/brainwave.com.pl\/","name":"Brainwave","description":"Brainwave","publisher":{"@id":"https:\/\/brainwave.com.pl\/#organization"},"potentialAction":[{"@type":"SearchAction","target":{"@type":"EntryPoint","urlTemplate":"https:\/\/brainwave.com.pl\/?s={search_term_string}"},"query-input":"required name=search_term_string"}],"inLanguage":"en-GB"},{"@type":"Organization","@id":"https:\/\/brainwave.com.pl\/#organization","name":"Brainwave","url":"https:\/\/brainwave.com.pl\/","logo":{"@type":"ImageObject","inLanguage":"en-GB","@id":"https:\/\/brainwave.com.pl\/#\/schema\/logo\/image\/","url":"https:\/\/brainwave.com.pl\/wp-content\/uploads\/2018\/11\/logo.png","contentUrl":"https:\/\/brainwave.com.pl\/wp-content\/uploads\/2018\/11\/logo.png","width":154,"height":70,"caption":"Brainwave"},"image":{"@id":"https:\/\/brainwave.com.pl\/#\/schema\/logo\/image\/"},"sameAs":["https:\/\/www.facebook.com\/brainwavecompl","https:\/\/www.instagram.com\/brainwave.com.pl\/","https:\/\/www.linkedin.com\/company\/10358189\/admin\/"]}]}},"_links":{"self":[{"href":"https:\/\/brainwave.com.pl\/eng\/wp-json\/wp\/v2\/pages\/2249"}],"collection":[{"href":"https:\/\/brainwave.com.pl\/eng\/wp-json\/wp\/v2\/pages"}],"about":[{"href":"https:\/\/brainwave.com.pl\/eng\/wp-json\/wp\/v2\/types\/page"}],"author":[{"embeddable":true,"href":"https:\/\/brainwave.com.pl\/eng\/wp-json\/wp\/v2\/users\/2"}],"replies":[{"embeddable":true,"href":"https:\/\/brainwave.com.pl\/eng\/wp-json\/wp\/v2\/comments?post=2249"}],"version-history":[{"count":7,"href":"https:\/\/brainwave.com.pl\/eng\/wp-json\/wp\/v2\/pages\/2249\/revisions"}],"predecessor-version":[{"id":3307,"href":"https:\/\/brainwave.com.pl\/eng\/wp-json\/wp\/v2\/pages\/2249\/revisions\/3307"}],"wp:attachment":[{"href":"https:\/\/brainwave.com.pl\/eng\/wp-json\/wp\/v2\/media?parent=2249"}],"curies":[{"name":"wp","href":"https:\/\/api.w.org\/{rel}","templated":true}]}}